{"id":4243,"date":"2024-10-04T13:37:44","date_gmt":"2024-10-04T13:37:44","guid":{"rendered":"https:\/\/batterycluster.pt\/?post_type=agenda&#038;p=4243"},"modified":"2024-10-04T13:37:44","modified_gmt":"2024-10-04T13:37:44","slug":"seminario-recursos-minerais-criticos-e-a-cadeia-de-valor-das-baterias-oportunidades-e-desafios-para-portugal","status":"publish","type":"agenda","link":"https:\/\/batterycluster.pt\/en\/agenda\/seminario-recursos-minerais-criticos-e-a-cadeia-de-valor-das-baterias-oportunidades-e-desafios-para-portugal\/","title":{"rendered":"Semin\u00e1rio | Recursos Minerais Cr\u00edticos e a Cadeia de Valor das Baterias: Oportunidades e Desafios para Portugal"},"content":{"rendered":"<p>O <a class=\"app-aware-link \" href=\"https:\/\/www.linkedin.com\/company\/battery-cluster-portugal\/\" target=\"_self\" data-test-app-aware-link=\"\" rel=\"noopener\">Battery Cluster Portugal<\/a> e a <a class=\"app-aware-link \" href=\"https:\/\/www.linkedin.com\/company\/associa%C3%A7%C3%A3o-cluster-portugal-mineral-resources\/\" target=\"_self\" data-test-app-aware-link=\"\" rel=\"noopener\">Associa\u00e7\u00e3o Cluster Portugal Mineral Resources<\/a> est\u00e3o, juntamente, a organizar o Semin\u00e1rio &#8220;Recursos Minerais Cr\u00edticas e a Cadeia de Valor das Baterias: Oportunidades e Desafios para Portugal&#8221;. Este evento decorrer\u00e1 no dia 12 de novembro de 2024, no INL, em Braga.<\/p>\n<p>Fique atento ao website e redes sociais do Cluster para mais detalhes brevemente!<\/p>\n","protected":false},"template":"","class_list":["post-4243","agenda","type-agenda","status-publish","hentry"],"yoast_head":"<!-- This site is optimized with the Yoast SEO plugin v25.4 - https:\/\/yoast.com\/wordpress\/plugins\/seo\/ -->\n<title>Semin\u00e1rio | Recursos Minerais Cr\u00edticos e a Cadeia de Valor das Baterias: Oportunidades e Desafios para Portugal - Battery Cluster Portugal<\/title>\n<meta name=\"robots\" content=\"index, follow, max-snippet:-1, max-image-preview:large, max-video-preview:-1\" \/>\n<link rel=\"canonical\" href=\"https:\/\/batterycluster.pt\/agenda\/seminario-recursos-minerais-criticos-e-a-cadeia-de-valor-das-baterias-oportunidades-e-desafios-para-portugal\/\" \/>\n<meta property=\"og:locale\" content=\"en_US\" \/>\n<meta property=\"og:type\" content=\"article\" \/>\n<meta property=\"og:title\" content=\"Semin\u00e1rio | Recursos Minerais Cr\u00edticos e a Cadeia de Valor das Baterias: Oportunidades e Desafios para Portugal - Battery Cluster Portugal\" \/>\n<meta property=\"og:description\" content=\"O Battery Cluster Portugal e a Associa\u00e7\u00e3o Cluster Portugal Mineral Resources est\u00e3o, juntamente, a organizar o Semin\u00e1rio &#8220;Recursos Minerais Cr\u00edticas e a Cadeia de Valor das Baterias: Oportunidades e Desafios para Portugal&#8221;. Este evento decorrer\u00e1 no dia 12 de novembro de 2024, no INL, em Braga. Fique atento ao website e redes sociais do Cluster [&hellip;]\" \/>\n<meta property=\"og:url\" content=\"https:\/\/batterycluster.pt\/agenda\/seminario-recursos-minerais-criticos-e-a-cadeia-de-valor-das-baterias-oportunidades-e-desafios-para-portugal\/\" \/>\n<meta property=\"og:site_name\" content=\"Battery Cluster Portugal\" \/>\n<meta name=\"twitter:card\" content=\"summary_large_image\" \/>\n<meta name=\"twitter:label1\" content=\"Est. reading time\" \/>\n\t<meta name=\"twitter:data1\" content=\"1 minute\" \/>\n<script type=\"application\/ld+json\" class=\"yoast-schema-graph\">{\"@context\":\"https:\/\/schema.org\",\"@graph\":[{\"@type\":\"WebPage\",\"@id\":\"https:\/\/batterycluster.pt\/agenda\/seminario-recursos-minerais-criticos-e-a-cadeia-de-valor-das-baterias-oportunidades-e-desafios-para-portugal\/\",\"url\":\"https:\/\/batterycluster.pt\/agenda\/seminario-recursos-minerais-criticos-e-a-cadeia-de-valor-das-baterias-oportunidades-e-desafios-para-portugal\/\",\"name\":\"Semin\u00e1rio | Recursos Minerais Cr\u00edticos e a Cadeia de Valor das Baterias: Oportunidades e Desafios para Portugal - Battery Cluster Portugal\",\"isPartOf\":{\"@id\":\"https:\/\/batterycluster.pt\/#website\"},\"datePublished\":\"2024-10-04T13:37:44+00:00\",\"breadcrumb\":{\"@id\":\"https:\/\/batterycluster.pt\/agenda\/seminario-recursos-minerais-criticos-e-a-cadeia-de-valor-das-baterias-oportunidades-e-desafios-para-portugal\/#breadcrumb\"},\"inLanguage\":\"en-US\",\"potentialAction\":[{\"@type\":\"ReadAction\",\"target\":[\"https:\/\/batterycluster.pt\/agenda\/seminario-recursos-minerais-criticos-e-a-cadeia-de-valor-das-baterias-oportunidades-e-desafios-para-portugal\/\"]}]},{\"@type\":\"BreadcrumbList\",\"@id\":\"https:\/\/batterycluster.pt\/agenda\/seminario-recursos-minerais-criticos-e-a-cadeia-de-valor-das-baterias-oportunidades-e-desafios-para-portugal\/#breadcrumb\",\"itemListElement\":[{\"@type\":\"ListItem\",\"position\":1,\"name\":\"In\u00edcio\",\"item\":\"https:\/\/batterycluster.pt\/\"},{\"@type\":\"ListItem\",\"position\":2,\"name\":\"Semin\u00e1rio | Recursos Minerais Cr\u00edticos e a Cadeia de Valor das Baterias: Oportunidades e Desafios para Portugal\"}]},{\"@type\":\"WebSite\",\"@id\":\"https:\/\/batterycluster.pt\/#website\",\"url\":\"https:\/\/batterycluster.pt\/\",\"name\":\"Battery Cluster Portugal\",\"description\":\"\",\"publisher\":{\"@id\":\"https:\/\/batterycluster.pt\/#organization\"},\"potentialAction\":[{\"@type\":\"SearchAction\",\"target\":{\"@type\":\"EntryPoint\",\"urlTemplate\":\"https:\/\/batterycluster.pt\/?s={search_term_string}\"},\"query-input\":{\"@type\":\"PropertyValueSpecification\",\"valueRequired\":true,\"valueName\":\"search_term_string\"}}],\"inLanguage\":\"en-US\"},{\"@type\":\"Organization\",\"@id\":\"https:\/\/batterycluster.pt\/#organization\",\"name\":\"Battery Cluster Portugal\",\"url\":\"https:\/\/batterycluster.pt\/\",\"logo\":{\"@type\":\"ImageObject\",\"inLanguage\":\"en-US\",\"@id\":\"https:\/\/batterycluster.pt\/#\/schema\/logo\/image\/\",\"url\":\"https:\/\/batterycluster.pt\/wp-content\/uploads\/2024\/01\/second-logo.svg\",\"contentUrl\":\"https:\/\/batterycluster.pt\/wp-content\/uploads\/2024\/01\/second-logo.svg\",\"width\":1,\"height\":1,\"caption\":\"Battery Cluster Portugal\"},\"image\":{\"@id\":\"https:\/\/batterycluster.pt\/#\/schema\/logo\/image\/\"},\"sameAs\":[\"https:\/\/www.linkedin.com\/company\/battery-cluster-portugal\/\"]}]}<\/script>\n<!-- \/ Yoast SEO plugin. -->","yoast_head_json":{"title":"Semin\u00e1rio | Recursos Minerais Cr\u00edticos e a Cadeia de Valor das Baterias: Oportunidades e Desafios para Portugal - Battery Cluster Portugal","robots":{"index":"index","follow":"follow","max-snippet":"max-snippet:-1","max-image-preview":"max-image-preview:large","max-video-preview":"max-video-preview:-1"},"canonical":"https:\/\/batterycluster.pt\/agenda\/seminario-recursos-minerais-criticos-e-a-cadeia-de-valor-das-baterias-oportunidades-e-desafios-para-portugal\/","og_locale":"en_US","og_type":"article","og_title":"Semin\u00e1rio | Recursos Minerais Cr\u00edticos e a Cadeia de Valor das Baterias: Oportunidades e Desafios para Portugal - Battery Cluster Portugal","og_description":"O Battery Cluster Portugal e a Associa\u00e7\u00e3o Cluster Portugal Mineral Resources est\u00e3o, juntamente, a organizar o Semin\u00e1rio &#8220;Recursos Minerais Cr\u00edticas e a Cadeia de Valor das Baterias: Oportunidades e Desafios para Portugal&#8221;. Este evento decorrer\u00e1 no dia 12 de novembro de 2024, no INL, em Braga. Fique atento ao website e redes sociais do Cluster [&hellip;]","og_url":"https:\/\/batterycluster.pt\/agenda\/seminario-recursos-minerais-criticos-e-a-cadeia-de-valor-das-baterias-oportunidades-e-desafios-para-portugal\/","og_site_name":"Battery Cluster Portugal","twitter_card":"summary_large_image","twitter_misc":{"Est. reading time":"1 minute"},"schema":{"@context":"https:\/\/schema.org","@graph":[{"@type":"WebPage","@id":"https:\/\/batterycluster.pt\/agenda\/seminario-recursos-minerais-criticos-e-a-cadeia-de-valor-das-baterias-oportunidades-e-desafios-para-portugal\/","url":"https:\/\/batterycluster.pt\/agenda\/seminario-recursos-minerais-criticos-e-a-cadeia-de-valor-das-baterias-oportunidades-e-desafios-para-portugal\/","name":"Semin\u00e1rio | Recursos Minerais Cr\u00edticos e a Cadeia de Valor das Baterias: Oportunidades e Desafios para Portugal - Battery Cluster Portugal","isPartOf":{"@id":"https:\/\/batterycluster.pt\/#website"},"datePublished":"2024-10-04T13:37:44+00:00","breadcrumb":{"@id":"https:\/\/batterycluster.pt\/agenda\/seminario-recursos-minerais-criticos-e-a-cadeia-de-valor-das-baterias-oportunidades-e-desafios-para-portugal\/#breadcrumb"},"inLanguage":"en-US","potentialAction":[{"@type":"ReadAction","target":["https:\/\/batterycluster.pt\/agenda\/seminario-recursos-minerais-criticos-e-a-cadeia-de-valor-das-baterias-oportunidades-e-desafios-para-portugal\/"]}]},{"@type":"BreadcrumbList","@id":"https:\/\/batterycluster.pt\/agenda\/seminario-recursos-minerais-criticos-e-a-cadeia-de-valor-das-baterias-oportunidades-e-desafios-para-portugal\/#breadcrumb","itemListElement":[{"@type":"ListItem","position":1,"name":"In\u00edcio","item":"https:\/\/batterycluster.pt\/"},{"@type":"ListItem","position":2,"name":"Semin\u00e1rio | Recursos Minerais Cr\u00edticos e a Cadeia de Valor das Baterias: Oportunidades e Desafios para Portugal"}]},{"@type":"WebSite","@id":"https:\/\/batterycluster.pt\/#website","url":"https:\/\/batterycluster.pt\/","name":"Battery Cluster Portugal","description":"","publisher":{"@id":"https:\/\/batterycluster.pt\/#organization"},"potentialAction":[{"@type":"SearchAction","target":{"@type":"EntryPoint","urlTemplate":"https:\/\/batterycluster.pt\/?s={search_term_string}"},"query-input":{"@type":"PropertyValueSpecification","valueRequired":true,"valueName":"search_term_string"}}],"inLanguage":"en-US"},{"@type":"Organization","@id":"https:\/\/batterycluster.pt\/#organization","name":"Battery Cluster Portugal","url":"https:\/\/batterycluster.pt\/","logo":{"@type":"ImageObject","inLanguage":"en-US","@id":"https:\/\/batterycluster.pt\/#\/schema\/logo\/image\/","url":"https:\/\/batterycluster.pt\/wp-content\/uploads\/2024\/01\/second-logo.svg","contentUrl":"https:\/\/batterycluster.pt\/wp-content\/uploads\/2024\/01\/second-logo.svg","width":1,"height":1,"caption":"Battery Cluster Portugal"},"image":{"@id":"https:\/\/batterycluster.pt\/#\/schema\/logo\/image\/"},"sameAs":["https:\/\/www.linkedin.com\/company\/battery-cluster-portugal\/"]}]}},"_links":{"self":[{"href":"https:\/\/batterycluster.pt\/en\/wp-json\/wp\/v2\/agenda\/4243","targetHints":{"allow":["GET"]}}],"collection":[{"href":"https:\/\/batterycluster.pt\/en\/wp-json\/wp\/v2\/agenda"}],"about":[{"href":"https:\/\/batterycluster.pt\/en\/wp-json\/wp\/v2\/types\/agenda"}],"wp:attachment":[{"href":"https:\/\/batterycluster.pt\/en\/wp-json\/wp\/v2\/media?parent=4243"}],"curies":[{"name":"wp","href":"https:\/\/api.w.org\/{rel}","templated":true}]}}

Seminário | Recursos Minerais Críticos e a Cadeia de Valor das Baterias: Oportunidades e Desafios para Portugal

<p>O <a class="app-aware-link " href="https://www.linkedin.com/company/battery-cluster-portugal/" target="_self" data-test-app-aware-link="" rel="noopener">Battery Cluster Portugal</a> e a <a class="app-aware-link " href="https://www.linkedin.com/company/associa%C3%A7%C3%A3o-cluster-portugal-mineral-resources/" target="_self" data-test-app-aware-link="" rel="noopener">Associação Cluster Portugal Mineral Resources</a> estão, juntamente, a organizar o Seminário &#8220;Recursos Minerais Críticas e a Cadeia de Valor das Baterias: Oportunidades e Desafios para Portugal&#8221;. Este evento decorrerá no dia 12 de novembro de 2024, no INL, em Braga.</p>
<p>Fique atento ao website e redes sociais do Cluster para mais detalhes brevemente!</p>

<!-- This site is optimized with the Yoast SEO plugin v25.4 - https://yoast.com/wordpress/plugins/seo/ -->
<title>Seminário | Recursos Minerais Críticos e a Cadeia de Valor das Baterias: Oportunidades e Desafios para Portugal - Battery Cluster Portugal</title>
<meta name="robots" content="index, follow, max-snippet:-1, max-image-preview:large, max-video-preview:-1" />
<link rel="canonical" href="https://batterycluster.pt/agenda/seminario-recursos-minerais-criticos-e-a-cadeia-de-valor-das-baterias-oportunidades-e-desafios-para-portugal/" />
<meta property="og:locale" content="en_US" />
<meta property="og:type" content="article" />
<meta property="og:title" content="Seminário | Recursos Minerais Críticos e a Cadeia de Valor das Baterias: Oportunidades e Desafios para Portugal - Battery Cluster Portugal" />
<meta property="og:description" content="O Battery Cluster Portugal e a Associação Cluster Portugal Mineral Resources estão, juntamente, a organizar o Seminário &#8220;Recursos Minerais Críticas e a Cadeia de Valor das Baterias: Oportunidades e Desafios para Portugal&#8221;. Este evento decorrerá no dia 12 de novembro de 2024, no INL, em Braga. Fique atento ao website e redes sociais do Cluster [&hellip;]" />
<meta property="og:url" content="https://batterycluster.pt/agenda/seminario-recursos-minerais-criticos-e-a-cadeia-de-valor-das-baterias-oportunidades-e-desafios-para-portugal/" />
<meta property="og:site_name" content="Battery Cluster Portugal" />
<meta name="twitter:card" content="summary_large_image" />
<meta name="twitter:label1" content="Est. reading time" />
	<meta name="twitter:data1" content="1 minute" />
<script type="application/ld+json" class="yoast-schema-graph">{"@context":"https://schema.org","@graph":[{"@type":"WebPage","@id":"https://batterycluster.pt/agenda/seminario-recursos-minerais-criticos-e-a-cadeia-de-valor-das-baterias-oportunidades-e-desafios-para-portugal/","url":"https://batterycluster.pt/agenda/seminario-recursos-minerais-criticos-e-a-cadeia-de-valor-das-baterias-oportunidades-e-desafios-para-portugal/","name":"Seminário | Recursos Minerais Críticos e a Cadeia de Valor das Baterias: Oportunidades e Desafios para Portugal - Battery Cluster Portugal","isPartOf":{"@id":"https://batterycluster.pt/#website"},"datePublished":"2024-10-04T13:37:44+00:00","breadcrumb":{"@id":"https://batterycluster.pt/agenda/seminario-recursos-minerais-criticos-e-a-cadeia-de-valor-das-baterias-oportunidades-e-desafios-para-portugal/#breadcrumb"},"inLanguage":"en-US","potentialAction":[{"@type":"ReadAction","target":["https://batterycluster.pt/agenda/seminario-recursos-minerais-criticos-e-a-cadeia-de-valor-das-baterias-oportunidades-e-desafios-para-portugal/"]}]},{"@type":"BreadcrumbList","@id":"https://batterycluster.pt/agenda/seminario-recursos-minerais-criticos-e-a-cadeia-de-valor-das-baterias-oportunidades-e-desafios-para-portugal/#breadcrumb","itemListElement":[{"@type":"ListItem","position":1,"name":"Início","item":"https://batterycluster.pt/"},{"@type":"ListItem","position":2,"name":"Seminário | Recursos Minerais Críticos e a Cadeia de Valor das Baterias: Oportunidades e Desafios para Portugal"}]},{"@type":"WebSite","@id":"https://batterycluster.pt/#website","url":"https://batterycluster.pt/","name":"Battery Cluster Portugal","description":"","publisher":{"@id":"https://batterycluster.pt/#organization"},"potentialAction":[{"@type":"SearchAction","target":{"@type":"EntryPoint","urlTemplate":"https://batterycluster.pt/?s={search_term_string}"},"query-input":{"@type":"PropertyValueSpecification","valueRequired":true,"valueName":"search_term_string"}}],"inLanguage":"en-US"},{"@type":"Organization","@id":"https://batterycluster.pt/#organization","name":"Battery Cluster Portugal","url":"https://batterycluster.pt/","logo":{"@type":"ImageObject","inLanguage":"en-US","@id":"https://batterycluster.pt/#/schema/logo/image/","url":"https://batterycluster.pt/wp-content/uploads/2024/01/second-logo.svg","contentUrl":"https://batterycluster.pt/wp-content/uploads/2024/01/second-logo.svg","width":1,"height":1,"caption":"Battery Cluster Portugal"},"image":{"@id":"https://batterycluster.pt/#/schema/logo/image/"},"sameAs":["https://www.linkedin.com/company/battery-cluster-portugal/"]}]}</script>
<!-- / Yoast SEO plugin. -->

Seminário | Recursos Minerais Críticos e a Cadeia de Valor das Baterias: Oportunidades e Desafios para Portugal - Battery Cluster Portugal

O Battery Cluster Portugal e a Associação Cluster Portugal Mineral Resources estão, juntamente, a organizar o Seminário &#8220;Recursos Minerais Críticas e a Cadeia de Valor das Baterias: Oportunidades e Desafios para Portugal&#8221;. Este evento decorrerá no dia 12 de novembro de 2024, no INL, em Braga. Fique atento ao website e redes sociais do Cluster [&hellip;]

Início
